 3681116?
0
What is the remainder when 785589 is divided by 1258?
597
What is the remainder when 14634 is divided by 1741?
706
Calculate the remainder when 233792 is divided by 135.
107
What is the remainder when 2989978 is divided by 175880?
18
What is the remainder when 1685367 is divided by 539?
453
What is the remainder when 2467496 is divided by 839?
836
What is the remainder when 13633464 is divided by 3543?
0
Calculate the remainder when 1756309 is divided by 8.
5
Calculate the remainder when 299096 is divided by 37341.
368
What is the remainder when 64383 is divided by 587?
400
Calculate the remainder when 317143 is divided by 595.
8
Calculate the remainder when 2806967 is divided by 7797.
47
What is the remainder when 2549617 is divided by 502?
461
What is the remainder when 1856210 is divided by 2303?
2295
Calculate the remainder when 79301 is divided by 15473.
1936
Calculate the remainder when 323385 is divided by 1230.
1125
Calculate the remainder when 575367 is divided by 287387.
593
What is the remainder when 36253 is divided by 5969?
439
Calculate the remainder when 2024736 is divided by 670.
666
What is the remainder when 1562685 is divided by 86?
65
What is the remainder when 1060513 is divided by 1689?
1510
What is the remainder when 1370480 is divided by 2?
0
Calculate the remainder when 1222424 is divided by 1855.
1834
Calculate the remainder when 221351205 is divided by 166.
165
Calculate the remainder when 473475 is divided by 1894.
1869
What is the remainder when 50241282 is divided by 10048256?
2
What is the remainder when 2725499 is divided by 750?
749
What is the remainder when 31352075 is divided by 734?
733
What is the remainder when 72006342 is divided by 2084?
2058
Calculate the remainder when 60212536 is divided by 1226.
1224
Calculate the remainder when 98230 is divided by 2.
0
Calculate the remainder when 36647 is divided by 12082.
401
What is the remainder when 845787 is divided by 466?
463
Calculate the remainder when 222342 is divided by 8.
6
What is the remainder when 914436 is divided by 9?
0
What is the remainder when 950906 is divided by 190179?
11
What is the remainder when 15754060 is divided by 336?
28
Calculate the remainder when 3857189 is divided by 1829.
1657
Calculate the remainder when 3688883 is divided by 25.
8
Calculate the remainder when 8715798 is divided by 398.
394
Calculate the remainder when 13054839 is divided by 582.
579
What is the remainder when 325461 is divided by 65?
6
Calculate the remainder when 532233 is divided by 532190.
43
Calculate the remainder when 337818 is divided by 24037.
1300
What is the remainder when 33026 is divided by 2076?
1886
Calculate the remainder when 23894462 is divided by 56.
46
What is the remainder when 39602 is divided by 333?
308
What is the remainder when 276238251 is divided by 538?
537
What is the remainder when 3637555 is divided by 181?
179
What is the remainder when 1321503 is divided by 2963?
5
What is the remainder when 14939059 is divided by 432?
67
Calculate the remainder when 4825606 is divided by 804.
802
Calculate the remainder when 364300 is divided by 109.
22
Calculate the remainder when 7740743 is divided by 1031.
1026
Calculate the remainder when 573010 is divided by 3332.
3238
What is the remainder when 1898900 is divided by 1634?
192
What is the remainder when 11064 is divided by 3683?
15
Calculate the remainder when 23510201 is divided by 878.
873
Calculate the remainder when 1060383 is divided by 4692.
4683
What is the remainder when 998374 is divided by 739?
724
Calculate the remainder when 182356 is divided by 52.
44
Calculate the remainder when 487361939 is divided by 37.
11
What is the remainder when 4424046 is divided by 1268?
1262
What is the remainder when 240216 is divided by 7?
4
What is the remainder when 124008 is divided by 9351?
2445
What is the remainder when 162564 is divided by 387?
24
What is the remainder when 2289559 is divided by 477?
436
What is the remainder when 7620 is divided by 5014?
2606
What is the remainder when 13134132 is divided by 1608?
1596
Calculate the remainder when 6538204 is divided by 8361.
8263
Calculate the remainder when 4211948 is divided by 251.
168
Calculate the remainder when 503686 is divided by 27526.
8218
Calculate the remainder when 1364341 is divided by 682170.
1
What is the remainder when 5078218 is divided by 2190?
1798
Calculate the remainder when 17977618 is divided by 12687.
139
What is the remainder when 52623492 is divided by 62647?
12
Calculate the remainder when 400055 is divided by 433.
396
What is the remainder when 175027 is divided by 11718?
10975
Calculate the remainder when 11237340 is divided by 400.
140
What is the remainder when 2004002 is divided by 250485?
122
What is the remainder when 405 is divided by 123?
36
What is the remainder when 767966 is divided by 152?
62
Calculate the remainder when 1036695 is divided by 101.
31
Calculate the remainder when 415541 is divided by 138485.
86
What is the remainder when 18253 is divided by 8268?
1717
What is the remainder when 225791 is divided by 45154?
21
What is the remainder when 16387 is divided by 27?
25
Calculate the remainder when 39020 is divided by 179.
177
What is the remainder when 49981162 is divided by 86?
26
Calculate the remainder when 1460218 is divided by 730094.
30
Calculate the remainder when 10831243 is divided by 799.
798
What is the remainder when 41386 is divided by 10307?
158
Calculate the remainder when 761009 is divided by 95091.
281
What is the remainder when 136104 is divided by 997?
512
Calculate the remainder when 941901 is divided by 507.
402
What is the remainder when 221972 is divided by 1621?
1516
What is the remainder when 1165058 is divided by 1043?
27
What is the remainder when 148699 is divided by 36937?
951
What is the remainder when 316670 is divided by 2?
0
What is the remainder when 59699345 is divided by 98?
97
Calculate the remainder when 57429359 is divided by 427.
421
Calculate the remainder when 2826648 is divided by 15529.
370
What is the remainder when 1393018 is divided by 51582?
304
Calculate the remainder when 11593340 is divided by 3864442.
14
What is the remainder when 9977422 is divided by 3267?
4
What is the remainder when 20915 is divided by 319?
180
Calculate the remainder when 15720 is divided by 2954.
950
Calculate the remainder when 169010870 is divided by 1920578.
6
What is the remainder when 11510041 is divided by 383668?
1
Calculate the remainder when 2265056 is divided by 489.
8
What is the remainder when 3348439 is divided by 3286?
5
What is the remainder when 128711 is divided by 81?
2
Calculate the remainder when 32770542 is divided by 321.
294
Calculate the remainder when 530167 is divided by 7561.
897
What is the remainder when 14767653 is divided by 225?
3
Calculate the remainder when 9023155 is divided by 2223.
2221
Calculate the remainder when 27498770 is divided by 3920.
3890
What is the remainder when 97237174 is divided by 7154?
6
Calculate the remainder when 657808 is divided by 3759.
3742
What is the remainder when 163644 is divided by 265?
139
What is the remainder when 59569997 is divided by 592?
589
What is the remainder when 3188799 is divided by 1594354?
91
Calculate the remainder when 56308 is divided by 3753.
13
What is the remainder when 2264131 is divided by 26?
25
Calculate the remainder when 1868206 is divided by 622697.
115
What is the remainder when 36726152 is divided by 18?
14
Calculate the remainder when 10558847 is divided by 3519614.
5
Calculate the remainder when 571912743 is divided by 6274.
6273
What is the remainder when 115867 is divided by 7499?
3382
Calculate the remainder when 636888 is divided by 24.
0
What is the remainder when 156009 is divided by 65?
9
Calculate the remainder when 10403241 is divided by 142510.
11
Calculate the remainder when 365040 is divided by 585.
0
Calculate the remainder when 99631248 is divided by 125.
123
What is the remainder when 544177113 is divided by 11251?
11247
What is the remainder when 1104307 is divided by 69?
31
What is the remainder when 6599488 is divided by 5?
3
What is the remainder when 320804 is divided by 80165?
144
Calculate the remainder when 4666 is divided by 